{"id":2486,"date":"2024-11-27T06:51:18","date_gmt":"2024-11-27T06:51:18","guid":{"rendered":"https:\/\/ttlcomputer.es\/new\/?page_id=2486"},"modified":"2024-12-18T06:28:16","modified_gmt":"2024-12-18T06:28:16","slug":"ttl-teknoslim-h610-107-24","status":"publish","type":"page","link":"https:\/\/ttlcomputer.es\/new\/ttl-teknoslim-h610-107-24\/","title":{"rendered":"TTL TEKNOSLIM H610 107\/24"},"content":{"rendered":"\n\n\n<h2 class=\"wp-block-heading\">Caracter\u00edsticas T\u00e9cnicas:<\/h2>\n\n\n\n<figure class=\"wp-block-table\"><table><tbody><tr><td><strong>P\/N<\/strong><\/td><td>H610 107\/24<\/td><\/tr><tr><td><strong><strong>Chasis<\/strong><\/strong><\/td><td>SFF MATX TOOL LESS.<\/td><\/tr><tr><td><strong><strong>Fuente Alimentaci\u00f3n<\/strong><\/strong><\/td><td>80 PLUS Bronze. Alta eficiencia energ\u00e9tica. Bajo consumo.<\/td><\/tr><tr><td><strong><strong>Procesador<\/strong><\/strong><\/td><td>INTEL\u00ae CORE\u2122 I5-13400 2.50GHz-4.60GHZ<\/td><\/tr><tr><td><strong><strong><strong>Memoria<\/strong><\/strong><\/strong><\/td><td>32 GB DDR4 3200Mhz<\/td><\/tr><tr><td><strong><strong>Disco duro<\/strong><\/strong><\/td><td>SSD 512GB M2 NVME\u201d<\/td><\/tr><tr><td><strong><strong>Perif\u00e9ricos<\/strong><\/strong><\/td><td>Teclado USB y rat\u00f3n \u00f3ptico USB TTL<\/td><\/tr><tr><td><strong><strong>Gama<\/strong><\/strong><\/td><td>Professional<\/td><\/tr><tr><td><strong><strong>Garant\u00eda<\/strong><\/strong><\/td><td>5 a\u00f1os de garant\u00eda<\/td><\/tr><\/tbody><\/table><\/figure>\n\n\n\n\n\n<div class=\"wp-block-buttons is-content-justification-center is-layout-flex wp-container-core-buttons-is-layout-a89b3969 wp-block-buttons-is-layout-flex\">\n<div class=\"wp-block-button\"><a class=\"wp-block-button__link has-white-color has-text-color has-link-color wp-element-button\" href=\"https:\/\/www.teknoservice.es\/pide-presupuesto\/\" target=\"_blank\" rel=\"noreferrer noopener\">Pedir presupuesto<\/a><\/div>\n\n\n\n<div class=\"wp-block-button\"><a class=\"wp-block-button__link has-white-color has-text-color has-link-color wp-element-button\" href=\"https:\/\/ttlcomputer.es\/new\/wp-content\/uploads\/2024\/11\/MEMORIA-TECNICA-TTL_H610-10724.pdf\" target=\"_blank\" rel=\"noreferrer noopener\">Descargar ficha t\u00e9cnica <\/a><\/div>\n\n\n\n<div class=\"wp-block-button\"><a class=\"wp-block-button__link has-white-color has-text-color has-link-color wp-element-button\" href=\"https:\/\/activacionteknoservice-my.sharepoint.com\/:f:\/g\/personal\/info_teknoservice_es\/Ene00eYau5ZEmj1YAbaD_XgB3a7CVo1h7TbKM3SoqyykRw?e=0qnzYw\" target=\"_blank\" rel=\"noreferrer noopener\">Drivers &amp; Bios<\/a><\/div>\n<\/div>\n","protected":false},"excerpt":{"rendered":"<p>Caracter\u00edsticas T\u00e9cnicas: P\/N H610 107\/24 Chasis SFF MATX TOOL LESS. Fuente Alimentaci\u00f3n 80 PLUS Bronze. Alta eficiencia energ\u00e9tica. Bajo consumo. Procesador INTEL\u00ae CORE\u2122 I5-13400 2.50GHz-4.60GHZ Memoria 32 GB DDR4 3200Mhz Disco duro SSD 512GB M2 NVME\u201d Perif\u00e9ricos Teclado USB y rat\u00f3n \u00f3ptico USB TTL Gama Professional Garant\u00eda 5 a\u00f1os de garant\u00eda<\/p>\n","protected":false},"author":1,"featured_media":0,"parent":0,"menu_order":0,"comment_status":"closed","ping_status":"closed","template":"","meta":{"saved_in_kubio":true,"inspiro_hide_title":false,"footnotes":""},"class_list":["post-2486","page","type-page","status-publish","hentry"],"kubio_ai_page_context":{"short_desc":"","purpose":"general"},"yoast_head":"<!-- This site is optimized with the Yoast SEO plugin v23.8 - https:\/\/yoast.com\/wordpress\/plugins\/seo\/ -->\n<title>TTL TEKNOSLIM H610 107\/24 - TTL Computer<\/title>\n<meta name=\"robots\" content=\"noindex, follow, max-snippet:-1, max-image-preview:large, max-video-preview:-1\" \/>\n<meta property=\"og:locale\" content=\"es_ES\" \/>\n<meta property=\"og:type\" content=\"article\" \/>\n<meta property=\"og:title\" content=\"TTL TEKNOSLIM H610 107\/24 - TTL Computer\" \/>\n<meta property=\"og:description\" content=\"Caracter\u00edsticas T\u00e9cnicas: P\/N H610 107\/24 Chasis SFF MATX TOOL LESS. Fuente Alimentaci\u00f3n 80 PLUS Bronze. Alta eficiencia energ\u00e9tica. Bajo consumo. Procesador INTEL\u00ae CORE\u2122 I5-13400 2.50GHz-4.60GHZ Memoria 32 GB DDR4 3200Mhz Disco duro SSD 512GB M2 NVME\u201d Perif\u00e9ricos Teclado USB y rat\u00f3n \u00f3ptico USB TTL Gama Professional Garant\u00eda 5 a\u00f1os de garant\u00eda\" \/>\n<meta property=\"og:url\" content=\"https:\/\/ttlcomputer.es\/new\/ttl-teknoslim-h610-107-24\/\" \/>\n<meta property=\"og:site_name\" content=\"TTL Computer\" \/>\n<meta property=\"article:modified_time\" content=\"2024-12-18T06:28:16+00:00\" \/>\n<meta name=\"twitter:card\" content=\"summary_large_image\" \/>\n<script type=\"application\/ld+json\" class=\"yoast-schema-graph\">{\"@context\":\"https:\/\/schema.org\",\"@graph\":[{\"@type\":\"WebPage\",\"@id\":\"https:\/\/ttlcomputer.es\/new\/ttl-teknoslim-h610-107-24\/\",\"url\":\"https:\/\/ttlcomputer.es\/new\/ttl-teknoslim-h610-107-24\/\",\"name\":\"TTL TEKNOSLIM H610 107\/24 - TTL Computer\",\"isPartOf\":{\"@id\":\"https:\/\/ttlcomputer.es\/new\/#website\"},\"datePublished\":\"2024-11-27T06:51:18+00:00\",\"dateModified\":\"2024-12-18T06:28:16+00:00\",\"breadcrumb\":{\"@id\":\"https:\/\/ttlcomputer.es\/new\/ttl-teknoslim-h610-107-24\/#breadcrumb\"},\"inLanguage\":\"es\",\"potentialAction\":[{\"@type\":\"ReadAction\",\"target\":[\"https:\/\/ttlcomputer.es\/new\/ttl-teknoslim-h610-107-24\/\"]}]},{\"@type\":\"BreadcrumbList\",\"@id\":\"https:\/\/ttlcomputer.es\/new\/ttl-teknoslim-h610-107-24\/#breadcrumb\",\"itemListElement\":[{\"@type\":\"ListItem\",\"position\":1,\"name\":\"Portada\",\"item\":\"https:\/\/ttlcomputer.es\/new\/\"},{\"@type\":\"ListItem\",\"position\":2,\"name\":\"TTL TEKNOSLIM H610 107\/24\"}]},{\"@type\":\"WebSite\",\"@id\":\"https:\/\/ttlcomputer.es\/new\/#website\",\"url\":\"https:\/\/ttlcomputer.es\/new\/\",\"name\":\"TTL Computer\",\"description\":\"\",\"publisher\":{\"@id\":\"https:\/\/ttlcomputer.es\/new\/#organization\"},\"potentialAction\":[{\"@type\":\"SearchAction\",\"target\":{\"@type\":\"EntryPoint\",\"urlTemplate\":\"https:\/\/ttlcomputer.es\/new\/?s={search_term_string}\"},\"query-input\":{\"@type\":\"PropertyValueSpecification\",\"valueRequired\":true,\"valueName\":\"search_term_string\"}}],\"inLanguage\":\"es\"},{\"@type\":\"Organization\",\"@id\":\"https:\/\/ttlcomputer.es\/new\/#organization\",\"name\":\"TTL Computer\",\"url\":\"https:\/\/ttlcomputer.es\/new\/\",\"logo\":{\"@type\":\"ImageObject\",\"inLanguage\":\"es\",\"@id\":\"https:\/\/ttlcomputer.es\/new\/#\/schema\/logo\/image\/\",\"url\":\"https:\/\/ttlcomputer.es\/new\/wp-content\/uploads\/2023\/06\/TTL-Negro.png\",\"contentUrl\":\"https:\/\/ttlcomputer.es\/new\/wp-content\/uploads\/2023\/06\/TTL-Negro.png\",\"width\":2810,\"height\":2194,\"caption\":\"TTL Computer \"},\"image\":{\"@id\":\"https:\/\/ttlcomputer.es\/new\/#\/schema\/logo\/image\/\"}}]}<\/script>\n<!-- \/ Yoast SEO plugin. -->","yoast_head_json":{"title":"TTL TEKNOSLIM H610 107\/24 - TTL Computer","robots":{"index":"noindex","follow":"follow","max-snippet":"max-snippet:-1","max-image-preview":"max-image-preview:large","max-video-preview":"max-video-preview:-1"},"og_locale":"es_ES","og_type":"article","og_title":"TTL TEKNOSLIM H610 107\/24 - TTL Computer","og_description":"Caracter\u00edsticas T\u00e9cnicas: P\/N H610 107\/24 Chasis SFF MATX TOOL LESS. Fuente Alimentaci\u00f3n 80 PLUS Bronze. Alta eficiencia energ\u00e9tica. Bajo consumo. Procesador INTEL\u00ae CORE\u2122 I5-13400 2.50GHz-4.60GHZ Memoria 32 GB DDR4 3200Mhz Disco duro SSD 512GB M2 NVME\u201d Perif\u00e9ricos Teclado USB y rat\u00f3n \u00f3ptico USB TTL Gama Professional Garant\u00eda 5 a\u00f1os de garant\u00eda","og_url":"https:\/\/ttlcomputer.es\/new\/ttl-teknoslim-h610-107-24\/","og_site_name":"TTL Computer","article_modified_time":"2024-12-18T06:28:16+00:00","twitter_card":"summary_large_image","schema":{"@context":"https:\/\/schema.org","@graph":[{"@type":"WebPage","@id":"https:\/\/ttlcomputer.es\/new\/ttl-teknoslim-h610-107-24\/","url":"https:\/\/ttlcomputer.es\/new\/ttl-teknoslim-h610-107-24\/","name":"TTL TEKNOSLIM H610 107\/24 - TTL Computer","isPartOf":{"@id":"https:\/\/ttlcomputer.es\/new\/#website"},"datePublished":"2024-11-27T06:51:18+00:00","dateModified":"2024-12-18T06:28:16+00:00","breadcrumb":{"@id":"https:\/\/ttlcomputer.es\/new\/ttl-teknoslim-h610-107-24\/#breadcrumb"},"inLanguage":"es","potentialAction":[{"@type":"ReadAction","target":["https:\/\/ttlcomputer.es\/new\/ttl-teknoslim-h610-107-24\/"]}]},{"@type":"BreadcrumbList","@id":"https:\/\/ttlcomputer.es\/new\/ttl-teknoslim-h610-107-24\/#breadcrumb","itemListElement":[{"@type":"ListItem","position":1,"name":"Portada","item":"https:\/\/ttlcomputer.es\/new\/"},{"@type":"ListItem","position":2,"name":"TTL TEKNOSLIM H610 107\/24"}]},{"@type":"WebSite","@id":"https:\/\/ttlcomputer.es\/new\/#website","url":"https:\/\/ttlcomputer.es\/new\/","name":"TTL Computer","description":"","publisher":{"@id":"https:\/\/ttlcomputer.es\/new\/#organization"},"potentialAction":[{"@type":"SearchAction","target":{"@type":"EntryPoint","urlTemplate":"https:\/\/ttlcomputer.es\/new\/?s={search_term_string}"},"query-input":{"@type":"PropertyValueSpecification","valueRequired":true,"valueName":"search_term_string"}}],"inLanguage":"es"},{"@type":"Organization","@id":"https:\/\/ttlcomputer.es\/new\/#organization","name":"TTL Computer","url":"https:\/\/ttlcomputer.es\/new\/","logo":{"@type":"ImageObject","inLanguage":"es","@id":"https:\/\/ttlcomputer.es\/new\/#\/schema\/logo\/image\/","url":"https:\/\/ttlcomputer.es\/new\/wp-content\/uploads\/2023\/06\/TTL-Negro.png","contentUrl":"https:\/\/ttlcomputer.es\/new\/wp-content\/uploads\/2023\/06\/TTL-Negro.png","width":2810,"height":2194,"caption":"TTL Computer "},"image":{"@id":"https:\/\/ttlcomputer.es\/new\/#\/schema\/logo\/image\/"}}]}},"_links":{"self":[{"href":"https:\/\/ttlcomputer.es\/new\/wp-json\/wp\/v2\/pages\/2486","targetHints":{"allow":["GET"]}}],"collection":[{"href":"https:\/\/ttlcomputer.es\/new\/wp-json\/wp\/v2\/pages"}],"about":[{"href":"https:\/\/ttlcomputer.es\/new\/wp-json\/wp\/v2\/types\/page"}],"author":[{"embeddable":true,"href":"https:\/\/ttlcomputer.es\/new\/wp-json\/wp\/v2\/users\/1"}],"replies":[{"embeddable":true,"href":"https:\/\/ttlcomputer.es\/new\/wp-json\/wp\/v2\/comments?post=2486"}],"version-history":[{"count":6,"href":"https:\/\/ttlcomputer.es\/new\/wp-json\/wp\/v2\/pages\/2486\/revisions"}],"predecessor-version":[{"id":2530,"href":"https:\/\/ttlcomputer.es\/new\/wp-json\/wp\/v2\/pages\/2486\/revisions\/2530"}],"wp:attachment":[{"href":"https:\/\/ttlcomputer.es\/new\/wp-json\/wp\/v2\/media?parent=2486"}],"curies":[{"name":"wp","href":"https:\/\/api.w.org\/{rel}","templated":true}]}}