{"id":2041,"date":"2024-01-26T13:22:30","date_gmt":"2024-01-26T13:22:30","guid":{"rendered":"https:\/\/ttlcomputer.es\/new\/?page_id=2041"},"modified":"2025-06-03T12:22:22","modified_gmt":"2025-06-03T12:22:22","slug":"portatil-separable-ttl","status":"publish","type":"page","link":"https:\/\/ttlcomputer.es\/new\/portatil-separable-ttl\/","title":{"rendered":"PORT\u00c1TIL SEPARABLE\u00a0TTL"},"content":{"rendered":"\n<h2 class=\"wp-block-heading has-text-align-center\"><strong><strong>PORT\u00c1TIL SEPARABLE<\/strong><\/strong><\/h2>\n\n\n\n<figure class=\"wp-block-image aligncenter size-large is-resized\"><img loading=\"lazy\" decoding=\"async\" width=\"1024\" height=\"1024\" src=\"https:\/\/ttlcomputer.es\/new\/wp-content\/uploads\/2024\/02\/PORTATIL-SEPARABLE-2-1024x1024.jpg\" alt=\"PORTATIL SEPARABLE\" class=\"wp-image-2109\" style=\"width:424px;height:auto\" srcset=\"https:\/\/ttlcomputer.es\/new\/wp-content\/uploads\/2024\/02\/PORTATIL-SEPARABLE-2-1024x1024.jpg 1024w, https:\/\/ttlcomputer.es\/new\/wp-content\/uploads\/2024\/02\/PORTATIL-SEPARABLE-2-300x300.jpg 300w, https:\/\/ttlcomputer.es\/new\/wp-content\/uploads\/2024\/02\/PORTATIL-SEPARABLE-2-150x150.jpg 150w, https:\/\/ttlcomputer.es\/new\/wp-content\/uploads\/2024\/02\/PORTATIL-SEPARABLE-2.jpg 1500w\" sizes=\"(max-width: 1024px) 100vw, 1024px\" \/><\/figure>\n\n\n\n<figure class=\"wp-block-table\"><table><thead><tr><th>Caracter\u00edsticas T\u00e9cnicas Modelos Espec\u00edficos <strong>port\u00e1til separable<\/strong><\/th><\/tr><\/thead><tbody><tr><td><a href=\"https:\/\/ttlcomputer.es\/new\/convertible-ttl-ttlsepa-p1\/\" data-type=\"link\" data-id=\"https:\/\/ttlcomputer.es\/new\/convertible-ttl-TTLCONV-P1\/\"><strong>PORT\u00c1TIL SEPARABLE TTLSEPA-P1<\/strong><\/a><\/td><\/tr><\/tbody><\/table><\/figure>\n","protected":false},"excerpt":{"rendered":"<p>PORT\u00c1TIL SEPARABLE Caracter\u00edsticas T\u00e9cnicas Modelos Espec\u00edficos port\u00e1til separable PORT\u00c1TIL SEPARABLE TTLSEPA-P1<\/p>\n","protected":false},"author":1,"featured_media":0,"parent":0,"menu_order":0,"comment_status":"closed","ping_status":"closed","template":"","meta":{"saved_in_kubio":true,"inspiro_hide_title":false,"footnotes":""},"class_list":["post-2041","page","type-page","status-publish","hentry"],"kubio_ai_page_context":{"short_desc":"","purpose":"general"},"yoast_head":"<!-- This site is optimized with the Yoast SEO plugin v23.8 - https:\/\/yoast.com\/wordpress\/plugins\/seo\/ -->\n<title>PORT\u00c1TIL SEPARABLE\u00a0TTL - TTL Computer<\/title>\n<meta name=\"robots\" content=\"noindex, follow, max-snippet:-1, max-image-preview:large, max-video-preview:-1\" \/>\n<meta property=\"og:locale\" content=\"es_ES\" \/>\n<meta property=\"og:type\" content=\"article\" \/>\n<meta property=\"og:title\" content=\"PORT\u00c1TIL SEPARABLE\u00a0TTL - TTL Computer\" \/>\n<meta property=\"og:description\" content=\"PORT\u00c1TIL SEPARABLE Caracter\u00edsticas T\u00e9cnicas Modelos Espec\u00edficos port\u00e1til separable PORT\u00c1TIL SEPARABLE TTLSEPA-P1\" \/>\n<meta property=\"og:url\" content=\"https:\/\/ttlcomputer.es\/new\/portatil-separable-ttl\/\" \/>\n<meta property=\"og:site_name\" content=\"TTL Computer\" \/>\n<meta property=\"article:modified_time\" content=\"2025-06-03T12:22:22+00:00\" \/>\n<meta property=\"og:image\" content=\"https:\/\/ttlcomputer.es\/new\/wp-content\/uploads\/2024\/02\/PORTATIL-SEPARABLE-2.jpg\" \/>\n\t<meta property=\"og:image:width\" content=\"1500\" \/>\n\t<meta property=\"og:image:height\" content=\"1500\" \/>\n\t<meta property=\"og:image:type\" content=\"image\/jpeg\" \/>\n<meta name=\"twitter:card\" content=\"summary_large_image\" \/>\n<script type=\"application\/ld+json\" class=\"yoast-schema-graph\">{\"@context\":\"https:\/\/schema.org\",\"@graph\":[{\"@type\":\"WebPage\",\"@id\":\"https:\/\/ttlcomputer.es\/new\/portatil-separable-ttl\/\",\"url\":\"https:\/\/ttlcomputer.es\/new\/portatil-separable-ttl\/\",\"name\":\"PORT\u00c1TIL SEPARABLE\u00a0TTL - TTL Computer\",\"isPartOf\":{\"@id\":\"https:\/\/ttlcomputer.es\/new\/#website\"},\"primaryImageOfPage\":{\"@id\":\"https:\/\/ttlcomputer.es\/new\/portatil-separable-ttl\/#primaryimage\"},\"image\":{\"@id\":\"https:\/\/ttlcomputer.es\/new\/portatil-separable-ttl\/#primaryimage\"},\"thumbnailUrl\":\"https:\/\/ttlcomputer.es\/new\/wp-content\/uploads\/2024\/02\/PORTATIL-SEPARABLE-2-1024x1024.jpg\",\"datePublished\":\"2024-01-26T13:22:30+00:00\",\"dateModified\":\"2025-06-03T12:22:22+00:00\",\"breadcrumb\":{\"@id\":\"https:\/\/ttlcomputer.es\/new\/portatil-separable-ttl\/#breadcrumb\"},\"inLanguage\":\"es\",\"potentialAction\":[{\"@type\":\"ReadAction\",\"target\":[\"https:\/\/ttlcomputer.es\/new\/portatil-separable-ttl\/\"]}]},{\"@type\":\"ImageObject\",\"inLanguage\":\"es\",\"@id\":\"https:\/\/ttlcomputer.es\/new\/portatil-separable-ttl\/#primaryimage\",\"url\":\"https:\/\/ttlcomputer.es\/new\/wp-content\/uploads\/2024\/02\/PORTATIL-SEPARABLE-2.jpg\",\"contentUrl\":\"https:\/\/ttlcomputer.es\/new\/wp-content\/uploads\/2024\/02\/PORTATIL-SEPARABLE-2.jpg\",\"width\":1500,\"height\":1500},{\"@type\":\"BreadcrumbList\",\"@id\":\"https:\/\/ttlcomputer.es\/new\/portatil-separable-ttl\/#breadcrumb\",\"itemListElement\":[{\"@type\":\"ListItem\",\"position\":1,\"name\":\"Portada\",\"item\":\"https:\/\/ttlcomputer.es\/new\/\"},{\"@type\":\"ListItem\",\"position\":2,\"name\":\"PORT\u00c1TIL SEPARABLE\u00a0TTL\"}]},{\"@type\":\"WebSite\",\"@id\":\"https:\/\/ttlcomputer.es\/new\/#website\",\"url\":\"https:\/\/ttlcomputer.es\/new\/\",\"name\":\"TTL Computer\",\"description\":\"\",\"publisher\":{\"@id\":\"https:\/\/ttlcomputer.es\/new\/#organization\"},\"potentialAction\":[{\"@type\":\"SearchAction\",\"target\":{\"@type\":\"EntryPoint\",\"urlTemplate\":\"https:\/\/ttlcomputer.es\/new\/?s={search_term_string}\"},\"query-input\":{\"@type\":\"PropertyValueSpecification\",\"valueRequired\":true,\"valueName\":\"search_term_string\"}}],\"inLanguage\":\"es\"},{\"@type\":\"Organization\",\"@id\":\"https:\/\/ttlcomputer.es\/new\/#organization\",\"name\":\"TTL Computer\",\"url\":\"https:\/\/ttlcomputer.es\/new\/\",\"logo\":{\"@type\":\"ImageObject\",\"inLanguage\":\"es\",\"@id\":\"https:\/\/ttlcomputer.es\/new\/#\/schema\/logo\/image\/\",\"url\":\"https:\/\/ttlcomputer.es\/new\/wp-content\/uploads\/2023\/06\/TTL-Negro.png\",\"contentUrl\":\"https:\/\/ttlcomputer.es\/new\/wp-content\/uploads\/2023\/06\/TTL-Negro.png\",\"width\":2810,\"height\":2194,\"caption\":\"TTL Computer \"},\"image\":{\"@id\":\"https:\/\/ttlcomputer.es\/new\/#\/schema\/logo\/image\/\"}}]}<\/script>\n<!-- \/ Yoast SEO plugin. -->","yoast_head_json":{"title":"PORT\u00c1TIL SEPARABLE\u00a0TTL - TTL Computer","robots":{"index":"noindex","follow":"follow","max-snippet":"max-snippet:-1","max-image-preview":"max-image-preview:large","max-video-preview":"max-video-preview:-1"},"og_locale":"es_ES","og_type":"article","og_title":"PORT\u00c1TIL SEPARABLE\u00a0TTL - TTL Computer","og_description":"PORT\u00c1TIL SEPARABLE Caracter\u00edsticas T\u00e9cnicas Modelos Espec\u00edficos port\u00e1til separable PORT\u00c1TIL SEPARABLE TTLSEPA-P1","og_url":"https:\/\/ttlcomputer.es\/new\/portatil-separable-ttl\/","og_site_name":"TTL Computer","article_modified_time":"2025-06-03T12:22:22+00:00","og_image":[{"width":1500,"height":1500,"url":"https:\/\/ttlcomputer.es\/new\/wp-content\/uploads\/2024\/02\/PORTATIL-SEPARABLE-2.jpg","type":"image\/jpeg"}],"twitter_card":"summary_large_image","schema":{"@context":"https:\/\/schema.org","@graph":[{"@type":"WebPage","@id":"https:\/\/ttlcomputer.es\/new\/portatil-separable-ttl\/","url":"https:\/\/ttlcomputer.es\/new\/portatil-separable-ttl\/","name":"PORT\u00c1TIL SEPARABLE\u00a0TTL - TTL Computer","isPartOf":{"@id":"https:\/\/ttlcomputer.es\/new\/#website"},"primaryImageOfPage":{"@id":"https:\/\/ttlcomputer.es\/new\/portatil-separable-ttl\/#primaryimage"},"image":{"@id":"https:\/\/ttlcomputer.es\/new\/portatil-separable-ttl\/#primaryimage"},"thumbnailUrl":"https:\/\/ttlcomputer.es\/new\/wp-content\/uploads\/2024\/02\/PORTATIL-SEPARABLE-2-1024x1024.jpg","datePublished":"2024-01-26T13:22:30+00:00","dateModified":"2025-06-03T12:22:22+00:00","breadcrumb":{"@id":"https:\/\/ttlcomputer.es\/new\/portatil-separable-ttl\/#breadcrumb"},"inLanguage":"es","potentialAction":[{"@type":"ReadAction","target":["https:\/\/ttlcomputer.es\/new\/portatil-separable-ttl\/"]}]},{"@type":"ImageObject","inLanguage":"es","@id":"https:\/\/ttlcomputer.es\/new\/portatil-separable-ttl\/#primaryimage","url":"https:\/\/ttlcomputer.es\/new\/wp-content\/uploads\/2024\/02\/PORTATIL-SEPARABLE-2.jpg","contentUrl":"https:\/\/ttlcomputer.es\/new\/wp-content\/uploads\/2024\/02\/PORTATIL-SEPARABLE-2.jpg","width":1500,"height":1500},{"@type":"BreadcrumbList","@id":"https:\/\/ttlcomputer.es\/new\/portatil-separable-ttl\/#breadcrumb","itemListElement":[{"@type":"ListItem","position":1,"name":"Portada","item":"https:\/\/ttlcomputer.es\/new\/"},{"@type":"ListItem","position":2,"name":"PORT\u00c1TIL SEPARABLE\u00a0TTL"}]},{"@type":"WebSite","@id":"https:\/\/ttlcomputer.es\/new\/#website","url":"https:\/\/ttlcomputer.es\/new\/","name":"TTL Computer","description":"","publisher":{"@id":"https:\/\/ttlcomputer.es\/new\/#organization"},"potentialAction":[{"@type":"SearchAction","target":{"@type":"EntryPoint","urlTemplate":"https:\/\/ttlcomputer.es\/new\/?s={search_term_string}"},"query-input":{"@type":"PropertyValueSpecification","valueRequired":true,"valueName":"search_term_string"}}],"inLanguage":"es"},{"@type":"Organization","@id":"https:\/\/ttlcomputer.es\/new\/#organization","name":"TTL Computer","url":"https:\/\/ttlcomputer.es\/new\/","logo":{"@type":"ImageObject","inLanguage":"es","@id":"https:\/\/ttlcomputer.es\/new\/#\/schema\/logo\/image\/","url":"https:\/\/ttlcomputer.es\/new\/wp-content\/uploads\/2023\/06\/TTL-Negro.png","contentUrl":"https:\/\/ttlcomputer.es\/new\/wp-content\/uploads\/2023\/06\/TTL-Negro.png","width":2810,"height":2194,"caption":"TTL Computer "},"image":{"@id":"https:\/\/ttlcomputer.es\/new\/#\/schema\/logo\/image\/"}}]}},"_links":{"self":[{"href":"https:\/\/ttlcomputer.es\/new\/wp-json\/wp\/v2\/pages\/2041","targetHints":{"allow":["GET"]}}],"collection":[{"href":"https:\/\/ttlcomputer.es\/new\/wp-json\/wp\/v2\/pages"}],"about":[{"href":"https:\/\/ttlcomputer.es\/new\/wp-json\/wp\/v2\/types\/page"}],"author":[{"embeddable":true,"href":"https:\/\/ttlcomputer.es\/new\/wp-json\/wp\/v2\/users\/1"}],"replies":[{"embeddable":true,"href":"https:\/\/ttlcomputer.es\/new\/wp-json\/wp\/v2\/comments?post=2041"}],"version-history":[{"count":6,"href":"https:\/\/ttlcomputer.es\/new\/wp-json\/wp\/v2\/pages\/2041\/revisions"}],"predecessor-version":[{"id":2684,"href":"https:\/\/ttlcomputer.es\/new\/wp-json\/wp\/v2\/pages\/2041\/revisions\/2684"}],"wp:attachment":[{"href":"https:\/\/ttlcomputer.es\/new\/wp-json\/wp\/v2\/media?parent=2041"}],"curies":[{"name":"wp","href":"https:\/\/api.w.org\/{rel}","templated":true}]}}