{"id":1931,"date":"2023-11-03T06:59:12","date_gmt":"2023-11-03T06:59:12","guid":{"rendered":"https:\/\/ttlcomputer.es\/new\/?page_id=1931"},"modified":"2023-11-06T11:41:07","modified_gmt":"2023-11-06T11:41:07","slug":"ttl-teknoslim-q670-i512400","status":"publish","type":"page","link":"https:\/\/ttlcomputer.es\/new\/ttl-teknoslim-q670-i512400\/","title":{"rendered":"TTL TEKNOSLIM Q670 i512400"},"content":{"rendered":"\n\n\n<h2 class=\"wp-block-heading\">Caracter\u00edsticas T\u00e9cnicas<\/h2>\n\n\n\n<figure class=\"wp-block-table\"><table><tbody><tr><td><strong>Chasis <\/strong><\/td><td>SOBREMESA MATX TOOL LESS. Ventilaci\u00f3n optimizada silenciosa. Small Format Factor SFF<\/td><\/tr><tr><td><strong>Fuente de Alimentaci\u00f3n <\/strong><\/td><td>FTE ALIMENTACION 300W TFX 80PLUS GOLD . 92% eficiencia energ\u00e9tica.<\/td><\/tr><tr><td><strong>Procesador <\/strong><\/td><td>Micro Intel i5-12400<\/td><\/tr><tr><td><strong>Memoria <\/strong><\/td><td>1x 32GB DDR5 4800 MHZ UDIMM<\/td><\/tr><tr><td><strong>Disco Duro <\/strong><\/td><td>SSD 1TB 2,5&#8243;<\/td><\/tr><tr><td><strong>Perif\u00e9ricos <\/strong><\/td><td>RAT\u00d3N con cable USB Y TECLADO USB con lector de tarjeta<\/td><\/tr><tr><td><strong>Gama <\/strong><\/td><td>Profesional <\/td><\/tr><tr><td><strong>&nbsp;Sistema operativo<\/strong><\/td><td>Windows 11 Professional 64 Bits con posibilidad a downgrade a windows 10 pro<\/td><\/tr><tr><td><strong>Garant\u00eda <\/strong><\/td><td>5 a\u00f1os in situ<\/td><\/tr><tr><td><strong>Conexiones <\/strong><\/td><td><strong>TRASEROS Y <strong>DELANTEROS<\/strong>:<\/strong> <br><br>&#8211; 4 x USB 3.2 Gen 2 ports (4 x Type-A)<br>&#8211; 2x USB 2.0 ports (2 x Type-A) <br>&#8211; 2 x DisplayPort <br>&#8211; 1 x HDMI\u00ae port <br>&#8211; 3 x Audio jacks <br>&#8211; 1 x Intel\u00ae 1Gb Ethernet <br>&#8211; 1 x PS\/2 keyboard (purple) port <br>&#8211; 1 x PS\/2 mouse (green) port <br>&#8211; 2 x USB 3.2 Gen 1 <br>&#8211; 1 x USB C<\/td><\/tr><\/tbody><\/table><figcaption class=\"wp-element-caption\">* <strong>Las caracter\u00edsticas de dise\u00f1o del producto pueden variar debido a la configuraci\u00f3n y \/ o implementaciones interesados a petici\u00f3n.<\/strong><\/figcaption><\/figure>\n\n\n\n<div class=\"wp-block-buttons is-layout-flex wp-block-buttons-is-layout-flex\">\n<div class=\"wp-block-button is-style-outline is-style-outline--1\"><a class=\"wp-block-button__link wp-element-button\" href=\"https:\/\/ttlcomputer.es\/new\/wp-content\/uploads\/2023\/11\/FICHA-TECNICA_TTL-TEKNOSLIM_Q670i5-12400-ayto-alcala-henares.pdf\" target=\"_blank\" rel=\"noreferrer noopener\">Ficha t\u00e9cnica<\/a><\/div>\n\n\n\n<div class=\"wp-block-button is-style-outline is-style-outline--2\"><a class=\"wp-block-button__link wp-element-button\" href=\"https:\/\/ttlcomputer.es\/new\/wp-content\/uploads\/2023\/11\/GARANTIA-AYTO-ALCALA-DE-HENARES.pdf\" target=\"_blank\" rel=\"noreferrer noopener\">Garant\u00eda <\/a><\/div>\n\n\n\n<div class=\"wp-block-button is-style-outline is-style-outline--3\"><a class=\"wp-block-button__link wp-element-button\" href=\"https:\/\/activacionteknoservice-my.sharepoint.com\/:f:\/g\/personal\/info_teknoservice_es\/EjmqHk9iSv9OtI02CnX0Nu4BOmN9JzkIyS1cLmAQ4EHp-g?e=KM15tk\" target=\"_blank\" rel=\"noreferrer noopener\">BIOS<\/a><\/div>\n\n\n\n<div class=\"wp-block-button is-style-outline is-style-outline--4\"><a class=\"wp-block-button__link wp-element-button\" href=\"https:\/\/activacionteknoservice-my.sharepoint.com\/:f:\/g\/personal\/info_teknoservice_es\/EnWgKN99bRRFj9_j9pyWNYYB-NQ-HQzG1VwcUOhn59_7rQ?e=DcEvH0\" target=\"_blank\" rel=\"noreferrer noopener\">DRIVERS<\/a><\/div>\n\n\n\n<div class=\"wp-block-button is-style-outline is-style-outline--5\"><a class=\"wp-block-button__link wp-element-button\" href=\"https:\/\/ttlcomputer.es\/new\/placa-base-q670m-c-csm\" target=\"_blank\" rel=\"noreferrer noopener\">PLACA BASE<\/a><\/div>\n<\/div>\n","protected":false},"excerpt":{"rendered":"<p>Caracter\u00edsticas T\u00e9cnicas Chasis SOBREMESA MATX TOOL LESS. Ventilaci\u00f3n optimizada silenciosa. Small Format Factor SFF Fuente de Alimentaci\u00f3n FTE ALIMENTACION 300W TFX 80PLUS GOLD . 92% eficiencia energ\u00e9tica. Procesador Micro Intel i5-12400 Memoria 1x 32GB DDR5 4800 MHZ UDIMM Disco Duro SSD 1TB 2,5&#8243; Perif\u00e9ricos RAT\u00d3N con cable USB Y TECLADO USB con lector de tarjeta &hellip; <\/p>\n<p class=\"link-more\"><a href=\"https:\/\/ttlcomputer.es\/new\/ttl-teknoslim-q670-i512400\/\" class=\"more-link\">Leer m\u00e1s<span class=\"screen-reader-text\"> \u00abTTL TEKNOSLIM Q670 i512400\u00bb<\/span><\/a><\/p>\n","protected":false},"author":1,"featured_media":0,"parent":0,"menu_order":0,"comment_status":"closed","ping_status":"closed","template":"","meta":{"saved_in_kubio":true,"inspiro_hide_title":false,"footnotes":""},"class_list":["post-1931","page","type-page","status-publish","hentry"],"kubio_ai_page_context":{"short_desc":"","purpose":"general"},"yoast_head":"<!-- This site is optimized with the Yoast SEO plugin v23.8 - https:\/\/yoast.com\/wordpress\/plugins\/seo\/ -->\n<title>TTL TEKNOSLIM Q670 i512400 - TTL Computer<\/title>\n<meta name=\"robots\" content=\"noindex, follow, max-snippet:-1, max-image-preview:large, max-video-preview:-1\" \/>\n<meta property=\"og:locale\" content=\"es_ES\" \/>\n<meta property=\"og:type\" content=\"article\" \/>\n<meta property=\"og:title\" content=\"TTL TEKNOSLIM Q670 i512400 - TTL Computer\" \/>\n<meta property=\"og:description\" content=\"Caracter\u00edsticas T\u00e9cnicas Chasis SOBREMESA MATX TOOL LESS. Ventilaci\u00f3n optimizada silenciosa. Small Format Factor SFF Fuente de Alimentaci\u00f3n FTE ALIMENTACION 300W TFX 80PLUS GOLD . 92% eficiencia energ\u00e9tica. Procesador Micro Intel i5-12400 Memoria 1x 32GB DDR5 4800 MHZ UDIMM Disco Duro SSD 1TB 2,5&#8243; Perif\u00e9ricos RAT\u00d3N con cable USB Y TECLADO USB con lector de tarjeta &hellip; Leer m\u00e1s \u00abTTL TEKNOSLIM Q670 i512400\u00bb\" \/>\n<meta property=\"og:url\" content=\"https:\/\/ttlcomputer.es\/new\/ttl-teknoslim-q670-i512400\/\" \/>\n<meta property=\"og:site_name\" content=\"TTL Computer\" \/>\n<meta property=\"article:modified_time\" content=\"2023-11-06T11:41:07+00:00\" \/>\n<meta name=\"twitter:card\" content=\"summary_large_image\" \/>\n<meta name=\"twitter:label1\" content=\"Tiempo de lectura\" \/>\n\t<meta name=\"twitter:data1\" content=\"2 minutos\" \/>\n<script type=\"application\/ld+json\" class=\"yoast-schema-graph\">{\"@context\":\"https:\/\/schema.org\",\"@graph\":[{\"@type\":\"WebPage\",\"@id\":\"https:\/\/ttlcomputer.es\/new\/ttl-teknoslim-q670-i512400\/\",\"url\":\"https:\/\/ttlcomputer.es\/new\/ttl-teknoslim-q670-i512400\/\",\"name\":\"TTL TEKNOSLIM Q670 i512400 - TTL Computer\",\"isPartOf\":{\"@id\":\"https:\/\/ttlcomputer.es\/new\/#website\"},\"datePublished\":\"2023-11-03T06:59:12+00:00\",\"dateModified\":\"2023-11-06T11:41:07+00:00\",\"breadcrumb\":{\"@id\":\"https:\/\/ttlcomputer.es\/new\/ttl-teknoslim-q670-i512400\/#breadcrumb\"},\"inLanguage\":\"es\",\"potentialAction\":[{\"@type\":\"ReadAction\",\"target\":[\"https:\/\/ttlcomputer.es\/new\/ttl-teknoslim-q670-i512400\/\"]}]},{\"@type\":\"BreadcrumbList\",\"@id\":\"https:\/\/ttlcomputer.es\/new\/ttl-teknoslim-q670-i512400\/#breadcrumb\",\"itemListElement\":[{\"@type\":\"ListItem\",\"position\":1,\"name\":\"Portada\",\"item\":\"https:\/\/ttlcomputer.es\/new\/\"},{\"@type\":\"ListItem\",\"position\":2,\"name\":\"TTL TEKNOSLIM Q670 i512400\"}]},{\"@type\":\"WebSite\",\"@id\":\"https:\/\/ttlcomputer.es\/new\/#website\",\"url\":\"https:\/\/ttlcomputer.es\/new\/\",\"name\":\"TTL Computer\",\"description\":\"\",\"publisher\":{\"@id\":\"https:\/\/ttlcomputer.es\/new\/#organization\"},\"potentialAction\":[{\"@type\":\"SearchAction\",\"target\":{\"@type\":\"EntryPoint\",\"urlTemplate\":\"https:\/\/ttlcomputer.es\/new\/?s={search_term_string}\"},\"query-input\":{\"@type\":\"PropertyValueSpecification\",\"valueRequired\":true,\"valueName\":\"search_term_string\"}}],\"inLanguage\":\"es\"},{\"@type\":\"Organization\",\"@id\":\"https:\/\/ttlcomputer.es\/new\/#organization\",\"name\":\"TTL Computer\",\"url\":\"https:\/\/ttlcomputer.es\/new\/\",\"logo\":{\"@type\":\"ImageObject\",\"inLanguage\":\"es\",\"@id\":\"https:\/\/ttlcomputer.es\/new\/#\/schema\/logo\/image\/\",\"url\":\"https:\/\/ttlcomputer.es\/new\/wp-content\/uploads\/2023\/06\/TTL-Negro.png\",\"contentUrl\":\"https:\/\/ttlcomputer.es\/new\/wp-content\/uploads\/2023\/06\/TTL-Negro.png\",\"width\":2810,\"height\":2194,\"caption\":\"TTL Computer \"},\"image\":{\"@id\":\"https:\/\/ttlcomputer.es\/new\/#\/schema\/logo\/image\/\"}}]}<\/script>\n<!-- \/ Yoast SEO plugin. -->","yoast_head_json":{"title":"TTL TEKNOSLIM Q670 i512400 - TTL Computer","robots":{"index":"noindex","follow":"follow","max-snippet":"max-snippet:-1","max-image-preview":"max-image-preview:large","max-video-preview":"max-video-preview:-1"},"og_locale":"es_ES","og_type":"article","og_title":"TTL TEKNOSLIM Q670 i512400 - TTL Computer","og_description":"Caracter\u00edsticas T\u00e9cnicas Chasis SOBREMESA MATX TOOL LESS. Ventilaci\u00f3n optimizada silenciosa. Small Format Factor SFF Fuente de Alimentaci\u00f3n FTE ALIMENTACION 300W TFX 80PLUS GOLD . 92% eficiencia energ\u00e9tica. Procesador Micro Intel i5-12400 Memoria 1x 32GB DDR5 4800 MHZ UDIMM Disco Duro SSD 1TB 2,5&#8243; Perif\u00e9ricos RAT\u00d3N con cable USB Y TECLADO USB con lector de tarjeta &hellip; Leer m\u00e1s \u00abTTL TEKNOSLIM Q670 i512400\u00bb","og_url":"https:\/\/ttlcomputer.es\/new\/ttl-teknoslim-q670-i512400\/","og_site_name":"TTL Computer","article_modified_time":"2023-11-06T11:41:07+00:00","twitter_card":"summary_large_image","twitter_misc":{"Tiempo de lectura":"2 minutos"},"schema":{"@context":"https:\/\/schema.org","@graph":[{"@type":"WebPage","@id":"https:\/\/ttlcomputer.es\/new\/ttl-teknoslim-q670-i512400\/","url":"https:\/\/ttlcomputer.es\/new\/ttl-teknoslim-q670-i512400\/","name":"TTL TEKNOSLIM Q670 i512400 - TTL Computer","isPartOf":{"@id":"https:\/\/ttlcomputer.es\/new\/#website"},"datePublished":"2023-11-03T06:59:12+00:00","dateModified":"2023-11-06T11:41:07+00:00","breadcrumb":{"@id":"https:\/\/ttlcomputer.es\/new\/ttl-teknoslim-q670-i512400\/#breadcrumb"},"inLanguage":"es","potentialAction":[{"@type":"ReadAction","target":["https:\/\/ttlcomputer.es\/new\/ttl-teknoslim-q670-i512400\/"]}]},{"@type":"BreadcrumbList","@id":"https:\/\/ttlcomputer.es\/new\/ttl-teknoslim-q670-i512400\/#breadcrumb","itemListElement":[{"@type":"ListItem","position":1,"name":"Portada","item":"https:\/\/ttlcomputer.es\/new\/"},{"@type":"ListItem","position":2,"name":"TTL TEKNOSLIM Q670 i512400"}]},{"@type":"WebSite","@id":"https:\/\/ttlcomputer.es\/new\/#website","url":"https:\/\/ttlcomputer.es\/new\/","name":"TTL Computer","description":"","publisher":{"@id":"https:\/\/ttlcomputer.es\/new\/#organization"},"potentialAction":[{"@type":"SearchAction","target":{"@type":"EntryPoint","urlTemplate":"https:\/\/ttlcomputer.es\/new\/?s={search_term_string}"},"query-input":{"@type":"PropertyValueSpecification","valueRequired":true,"valueName":"search_term_string"}}],"inLanguage":"es"},{"@type":"Organization","@id":"https:\/\/ttlcomputer.es\/new\/#organization","name":"TTL Computer","url":"https:\/\/ttlcomputer.es\/new\/","logo":{"@type":"ImageObject","inLanguage":"es","@id":"https:\/\/ttlcomputer.es\/new\/#\/schema\/logo\/image\/","url":"https:\/\/ttlcomputer.es\/new\/wp-content\/uploads\/2023\/06\/TTL-Negro.png","contentUrl":"https:\/\/ttlcomputer.es\/new\/wp-content\/uploads\/2023\/06\/TTL-Negro.png","width":2810,"height":2194,"caption":"TTL Computer "},"image":{"@id":"https:\/\/ttlcomputer.es\/new\/#\/schema\/logo\/image\/"}}]}},"_links":{"self":[{"href":"https:\/\/ttlcomputer.es\/new\/wp-json\/wp\/v2\/pages\/1931","targetHints":{"allow":["GET"]}}],"collection":[{"href":"https:\/\/ttlcomputer.es\/new\/wp-json\/wp\/v2\/pages"}],"about":[{"href":"https:\/\/ttlcomputer.es\/new\/wp-json\/wp\/v2\/types\/page"}],"author":[{"embeddable":true,"href":"https:\/\/ttlcomputer.es\/new\/wp-json\/wp\/v2\/users\/1"}],"replies":[{"embeddable":true,"href":"https:\/\/ttlcomputer.es\/new\/wp-json\/wp\/v2\/comments?post=1931"}],"version-history":[{"count":9,"href":"https:\/\/ttlcomputer.es\/new\/wp-json\/wp\/v2\/pages\/1931\/revisions"}],"predecessor-version":[{"id":1962,"href":"https:\/\/ttlcomputer.es\/new\/wp-json\/wp\/v2\/pages\/1931\/revisions\/1962"}],"wp:attachment":[{"href":"https:\/\/ttlcomputer.es\/new\/wp-json\/wp\/v2\/media?parent=1931"}],"curies":[{"name":"wp","href":"https:\/\/api.w.org\/{rel}","templated":true}]}}