{"id":1460,"date":"2023-06-21T08:44:20","date_gmt":"2023-06-21T08:44:20","guid":{"rendered":"https:\/\/ttlcomputer.es\/new\/?page_id=1460"},"modified":"2025-06-27T05:31:04","modified_gmt":"2025-06-27T05:31:04","slug":"ttl-portatiles-14","status":"publish","type":"page","link":"https:\/\/ttlcomputer.es\/new\/ttl-portatiles-14\/","title":{"rendered":""},"content":{"rendered":"\n\n\n<figure class=\"wp-block-image aligncenter size-large is-resized\"><img loading=\"lazy\" decoding=\"async\" width=\"1024\" height=\"683\" src=\"https:\/\/ttlcomputer.es\/new\/wp-content\/uploads\/2023\/06\/IMG_7633-1024x683.png\" alt=\"\" class=\"wp-image-1496\" style=\"width:1039px;height:693px\" srcset=\"https:\/\/ttlcomputer.es\/new\/wp-content\/uploads\/2023\/06\/IMG_7633-1024x683.png 1024w, https:\/\/ttlcomputer.es\/new\/wp-content\/uploads\/2023\/06\/IMG_7633-300x200.png 300w, https:\/\/ttlcomputer.es\/new\/wp-content\/uploads\/2023\/06\/IMG_7633-768x512.png 768w, https:\/\/ttlcomputer.es\/new\/wp-content\/uploads\/2023\/06\/IMG_7633-1536x1024.png 1536w, https:\/\/ttlcomputer.es\/new\/wp-content\/uploads\/2023\/06\/IMG_7633-2048x1365.png 2048w, https:\/\/ttlcomputer.es\/new\/wp-content\/uploads\/2023\/06\/IMG_7633-1620x1080.png 1620w, https:\/\/ttlcomputer.es\/new\/wp-content\/uploads\/2023\/06\/IMG_7633-2000x1333.png 2000w\" sizes=\"(max-width: 1024px) 100vw, 1024px\" \/><\/figure>\n\n\n\n<figure class=\"wp-block-table\"><table><thead><tr><th>Caracter\u00edsticas T\u00e9cnicas Modelos Espec\u00edficos Port\u00e1tiles 14\u2033<\/th><\/tr><\/thead><tbody><tr><td><a href=\"https:\/\/ttlcomputer.es\/new\/ttl-ultrabook-14-i5-1235u\/\"><strong>TTL ULTRABOOK 14,1&#8243; i5-1235U<\/strong><\/a><\/td><\/tr><tr><td><a href=\"https:\/\/ttlcomputer.es\/new\/portatil-ttl-141%e2%80%b3-aio-ttln1402i3\/\" target=\"_blank\" rel=\"noreferrer noopener\"><strong> PORT\u00c1TIL TTL&nbsp; 14,1\u2033 TTLN1402i3<\/strong><\/a><\/td><\/tr><tr><td><strong><a href=\"https:\/\/ttlcomputer.es\/new\/portatil-ttl-141%e2%80%b3-ttln1402i3\/\" target=\"_blank\" rel=\"noreferrer noopener\">PORT\u00c1TIL TTL&nbsp; 14,1\u2033 TTLN140i7<\/a><\/strong><\/td><\/tr><tr><td><a rel=\"noreferrer noopener\" href=\"https:\/\/ttlcomputer.es\/new\/portatil-ttl-14-i7-8565u\/\" target=\"_blank\"><strong>Portatil TTL 14 i7 8565U<\/strong><\/a><\/td><\/tr><tr><td><a href=\"https:\/\/ttlcomputer.es\/new\/portatil-ttl-14-i3-TTLPT1\/\" data-type=\"link\" data-id=\"https:\/\/ttlcomputer.es\/new\/portatil-ttl-14-i3-TTLPT1\/\"><strong>Portatil TTL 14<strong> ES TTLPT1ES14i3<\/strong><\/strong><\/a><\/td><\/tr><tr><td><a href=\"https:\/\/ttlcomputer.es\/new\/portatil-ttl-14es1-i5\/\" data-type=\"link\" data-id=\"https:\/\/ttlcomputer.es\/new\/portatil-ttl-14-i5-TTLPT1\/\"><strong>Portatil TTL 14 ES1 TTLPT1-14i5<\/strong><\/a><\/td><\/tr><tr><td><a href=\"https:\/\/ttlcomputer.es\/new\/portatil-ttl-14-i5-TTLPT1\/\" data-type=\"link\" data-id=\"https:\/\/ttlcomputer.es\/new\/portatil-ttl-14-i5-TTLPT1\/\"><strong>Portatil TTL 14 SP TTLPT1SP14i5<\/strong><\/a><\/td><\/tr><tr><td><a href=\"https:\/\/ttlcomputer.es\/new\/portatil-ttl-14-pentium-gold\/\" data-type=\"link\" data-id=\"https:\/\/ttlcomputer.es\/new\/portatil-ttl-14-pentium-gold\/\"><strong>Portatil TTL 14 PENTIUM GOLD<\/strong><\/a><\/td><\/tr><\/tbody><\/table><\/figure>\n","protected":false},"excerpt":{"rendered":"<p>Caracter\u00edsticas T\u00e9cnicas Modelos Espec\u00edficos Port\u00e1tiles 14\u2033 TTL ULTRABOOK 14,1&#8243; i5-1235U PORT\u00c1TIL TTL&nbsp; 14,1\u2033 TTLN1402i3 PORT\u00c1TIL TTL&nbsp; 14,1\u2033 TTLN140i7 Portatil TTL 14 i7 8565U Portatil TTL 14 ES TTLPT1ES14i3 Portatil TTL 14 ES1 TTLPT1-14i5 Portatil TTL 14 SP TTLPT1SP14i5 Portatil TTL 14 PENTIUM GOLD<\/p>\n","protected":false},"author":1,"featured_media":0,"parent":0,"menu_order":0,"comment_status":"closed","ping_status":"closed","template":"","meta":{"saved_in_kubio":true,"inspiro_hide_title":false,"footnotes":""},"class_list":["post-1460","page","type-page","status-publish","hentry"],"kubio_ai_page_context":{"short_desc":"","purpose":"general"},"yoast_head":"<!-- This site is optimized with the Yoast SEO plugin v23.8 - https:\/\/yoast.com\/wordpress\/plugins\/seo\/ -->\n<title>- TTL Computer<\/title>\n<meta name=\"robots\" content=\"noindex, follow, max-snippet:-1, max-image-preview:large, max-video-preview:-1\" \/>\n<meta property=\"og:locale\" content=\"es_ES\" \/>\n<meta property=\"og:type\" content=\"article\" \/>\n<meta property=\"og:title\" content=\"- TTL Computer\" \/>\n<meta property=\"og:description\" content=\"Caracter\u00edsticas T\u00e9cnicas Modelos Espec\u00edficos Port\u00e1tiles 14\u2033 TTL ULTRABOOK 14,1&#8243; i5-1235U PORT\u00c1TIL TTL&nbsp; 14,1\u2033 TTLN1402i3 PORT\u00c1TIL TTL&nbsp; 14,1\u2033 TTLN140i7 Portatil TTL 14 i7 8565U Portatil TTL 14 ES TTLPT1ES14i3 Portatil TTL 14 ES1 TTLPT1-14i5 Portatil TTL 14 SP TTLPT1SP14i5 Portatil TTL 14 PENTIUM GOLD\" \/>\n<meta property=\"og:url\" content=\"https:\/\/ttlcomputer.es\/new\/ttl-portatiles-14\/\" \/>\n<meta property=\"og:site_name\" content=\"TTL Computer\" \/>\n<meta property=\"article:modified_time\" content=\"2025-06-27T05:31:04+00:00\" \/>\n<meta property=\"og:image\" content=\"https:\/\/ttlcomputer.es\/new\/wp-content\/uploads\/2023\/06\/IMG_7633-1024x683.png\" \/>\n\t<meta property=\"og:image:width\" content=\"1024\" \/>\n\t<meta property=\"og:image:height\" content=\"683\" \/>\n\t<meta property=\"og:image:type\" content=\"image\/png\" \/>\n<meta name=\"twitter:card\" content=\"summary_large_image\" \/>\n<meta name=\"twitter:label1\" content=\"Tiempo de lectura\" \/>\n\t<meta name=\"twitter:data1\" content=\"1 minuto\" \/>\n<script type=\"application\/ld+json\" class=\"yoast-schema-graph\">{\"@context\":\"https:\/\/schema.org\",\"@graph\":[{\"@type\":\"WebPage\",\"@id\":\"https:\/\/ttlcomputer.es\/new\/ttl-portatiles-14\/\",\"url\":\"https:\/\/ttlcomputer.es\/new\/ttl-portatiles-14\/\",\"name\":\"- TTL Computer\",\"isPartOf\":{\"@id\":\"https:\/\/ttlcomputer.es\/new\/#website\"},\"primaryImageOfPage\":{\"@id\":\"https:\/\/ttlcomputer.es\/new\/ttl-portatiles-14\/#primaryimage\"},\"image\":{\"@id\":\"https:\/\/ttlcomputer.es\/new\/ttl-portatiles-14\/#primaryimage\"},\"thumbnailUrl\":\"https:\/\/ttlcomputer.es\/new\/wp-content\/uploads\/2023\/06\/IMG_7633-1024x683.png\",\"datePublished\":\"2023-06-21T08:44:20+00:00\",\"dateModified\":\"2025-06-27T05:31:04+00:00\",\"inLanguage\":\"es\",\"potentialAction\":[{\"@type\":\"ReadAction\",\"target\":[\"https:\/\/ttlcomputer.es\/new\/ttl-portatiles-14\/\"]}]},{\"@type\":\"ImageObject\",\"inLanguage\":\"es\",\"@id\":\"https:\/\/ttlcomputer.es\/new\/ttl-portatiles-14\/#primaryimage\",\"url\":\"https:\/\/ttlcomputer.es\/new\/wp-content\/uploads\/2023\/06\/IMG_7633.png\",\"contentUrl\":\"https:\/\/ttlcomputer.es\/new\/wp-content\/uploads\/2023\/06\/IMG_7633.png\",\"width\":3000,\"height\":2000},{\"@type\":\"WebSite\",\"@id\":\"https:\/\/ttlcomputer.es\/new\/#website\",\"url\":\"https:\/\/ttlcomputer.es\/new\/\",\"name\":\"TTL Computer\",\"description\":\"\",\"publisher\":{\"@id\":\"https:\/\/ttlcomputer.es\/new\/#organization\"},\"potentialAction\":[{\"@type\":\"SearchAction\",\"target\":{\"@type\":\"EntryPoint\",\"urlTemplate\":\"https:\/\/ttlcomputer.es\/new\/?s={search_term_string}\"},\"query-input\":{\"@type\":\"PropertyValueSpecification\",\"valueRequired\":true,\"valueName\":\"search_term_string\"}}],\"inLanguage\":\"es\"},{\"@type\":\"Organization\",\"@id\":\"https:\/\/ttlcomputer.es\/new\/#organization\",\"name\":\"TTL Computer\",\"url\":\"https:\/\/ttlcomputer.es\/new\/\",\"logo\":{\"@type\":\"ImageObject\",\"inLanguage\":\"es\",\"@id\":\"https:\/\/ttlcomputer.es\/new\/#\/schema\/logo\/image\/\",\"url\":\"https:\/\/ttlcomputer.es\/new\/wp-content\/uploads\/2023\/06\/TTL-Negro.png\",\"contentUrl\":\"https:\/\/ttlcomputer.es\/new\/wp-content\/uploads\/2023\/06\/TTL-Negro.png\",\"width\":2810,\"height\":2194,\"caption\":\"TTL Computer \"},\"image\":{\"@id\":\"https:\/\/ttlcomputer.es\/new\/#\/schema\/logo\/image\/\"}}]}<\/script>\n<!-- \/ Yoast SEO plugin. -->","yoast_head_json":{"title":"- TTL Computer","robots":{"index":"noindex","follow":"follow","max-snippet":"max-snippet:-1","max-image-preview":"max-image-preview:large","max-video-preview":"max-video-preview:-1"},"og_locale":"es_ES","og_type":"article","og_title":"- TTL Computer","og_description":"Caracter\u00edsticas T\u00e9cnicas Modelos Espec\u00edficos Port\u00e1tiles 14\u2033 TTL ULTRABOOK 14,1&#8243; i5-1235U PORT\u00c1TIL TTL&nbsp; 14,1\u2033 TTLN1402i3 PORT\u00c1TIL TTL&nbsp; 14,1\u2033 TTLN140i7 Portatil TTL 14 i7 8565U Portatil TTL 14 ES TTLPT1ES14i3 Portatil TTL 14 ES1 TTLPT1-14i5 Portatil TTL 14 SP TTLPT1SP14i5 Portatil TTL 14 PENTIUM GOLD","og_url":"https:\/\/ttlcomputer.es\/new\/ttl-portatiles-14\/","og_site_name":"TTL Computer","article_modified_time":"2025-06-27T05:31:04+00:00","og_image":[{"width":1024,"height":683,"url":"https:\/\/ttlcomputer.es\/new\/wp-content\/uploads\/2023\/06\/IMG_7633-1024x683.png","type":"image\/png"}],"twitter_card":"summary_large_image","twitter_misc":{"Tiempo de lectura":"1 minuto"},"schema":{"@context":"https:\/\/schema.org","@graph":[{"@type":"WebPage","@id":"https:\/\/ttlcomputer.es\/new\/ttl-portatiles-14\/","url":"https:\/\/ttlcomputer.es\/new\/ttl-portatiles-14\/","name":"- TTL Computer","isPartOf":{"@id":"https:\/\/ttlcomputer.es\/new\/#website"},"primaryImageOfPage":{"@id":"https:\/\/ttlcomputer.es\/new\/ttl-portatiles-14\/#primaryimage"},"image":{"@id":"https:\/\/ttlcomputer.es\/new\/ttl-portatiles-14\/#primaryimage"},"thumbnailUrl":"https:\/\/ttlcomputer.es\/new\/wp-content\/uploads\/2023\/06\/IMG_7633-1024x683.png","datePublished":"2023-06-21T08:44:20+00:00","dateModified":"2025-06-27T05:31:04+00:00","inLanguage":"es","potentialAction":[{"@type":"ReadAction","target":["https:\/\/ttlcomputer.es\/new\/ttl-portatiles-14\/"]}]},{"@type":"ImageObject","inLanguage":"es","@id":"https:\/\/ttlcomputer.es\/new\/ttl-portatiles-14\/#primaryimage","url":"https:\/\/ttlcomputer.es\/new\/wp-content\/uploads\/2023\/06\/IMG_7633.png","contentUrl":"https:\/\/ttlcomputer.es\/new\/wp-content\/uploads\/2023\/06\/IMG_7633.png","width":3000,"height":2000},{"@type":"WebSite","@id":"https:\/\/ttlcomputer.es\/new\/#website","url":"https:\/\/ttlcomputer.es\/new\/","name":"TTL Computer","description":"","publisher":{"@id":"https:\/\/ttlcomputer.es\/new\/#organization"},"potentialAction":[{"@type":"SearchAction","target":{"@type":"EntryPoint","urlTemplate":"https:\/\/ttlcomputer.es\/new\/?s={search_term_string}"},"query-input":{"@type":"PropertyValueSpecification","valueRequired":true,"valueName":"search_term_string"}}],"inLanguage":"es"},{"@type":"Organization","@id":"https:\/\/ttlcomputer.es\/new\/#organization","name":"TTL Computer","url":"https:\/\/ttlcomputer.es\/new\/","logo":{"@type":"ImageObject","inLanguage":"es","@id":"https:\/\/ttlcomputer.es\/new\/#\/schema\/logo\/image\/","url":"https:\/\/ttlcomputer.es\/new\/wp-content\/uploads\/2023\/06\/TTL-Negro.png","contentUrl":"https:\/\/ttlcomputer.es\/new\/wp-content\/uploads\/2023\/06\/TTL-Negro.png","width":2810,"height":2194,"caption":"TTL Computer "},"image":{"@id":"https:\/\/ttlcomputer.es\/new\/#\/schema\/logo\/image\/"}}]}},"_links":{"self":[{"href":"https:\/\/ttlcomputer.es\/new\/wp-json\/wp\/v2\/pages\/1460","targetHints":{"allow":["GET"]}}],"collection":[{"href":"https:\/\/ttlcomputer.es\/new\/wp-json\/wp\/v2\/pages"}],"about":[{"href":"https:\/\/ttlcomputer.es\/new\/wp-json\/wp\/v2\/types\/page"}],"author":[{"embeddable":true,"href":"https:\/\/ttlcomputer.es\/new\/wp-json\/wp\/v2\/users\/1"}],"replies":[{"embeddable":true,"href":"https:\/\/ttlcomputer.es\/new\/wp-json\/wp\/v2\/comments?post=1460"}],"version-history":[{"count":24,"href":"https:\/\/ttlcomputer.es\/new\/wp-json\/wp\/v2\/pages\/1460\/revisions"}],"predecessor-version":[{"id":2773,"href":"https:\/\/ttlcomputer.es\/new\/wp-json\/wp\/v2\/pages\/1460\/revisions\/2773"}],"wp:attachment":[{"href":"https:\/\/ttlcomputer.es\/new\/wp-json\/wp\/v2\/media?parent=1460"}],"curies":[{"name":"wp","href":"https:\/\/api.w.org\/{rel}","templated":true}]}}